(-5). What is the units digit of -3 + s*(v - (-10)/(-4))?
0
What is the hundreds digit of ((-60)/(-660))/((-3)/(-74283))?
2
Suppose -78115 - 9797 = -22*b. What is the tens digit of b?
9
Suppose 2*p = d - 19, -4*d + 11 = -3*p - 6*d. Let f(h) = 4*h**2 + 9*h + 52. What is the tens digit of f(p)?
8
Let c(f) = -702*f - 1904. What is the hundreds digit of c(-16)?
3
Let f(x) = x + 20. Let k be f(-17). Let l be 583/k - (8/3)/(-4). Suppose l = 15*i - 12*i. What is the units digit of i?
5
Let j be (-10953)/(-21) - (-6)/14 - 2. Let m = -126 + j. What is the tens digit of m?
9
Let x(c) = 8*c + 9. Let v be x(2). Suppose 26*g - v*g = 246. What is the units digit of g?
6
Suppose -6 = 3*a + 3*d, d + 0 - 4 = a. Let t(n) be the second derivative of -3*n**3 + 10*n. What is the tens digit of t(a)?
5
Suppose -41*d + 49*d - 49160 = 0. What is the tens digit of d?
4
Let p(a) be the second derivative of 0 + 79/2*a**2 + 1/20*a**5 - 1/12*a**4 - 1/3*a**3 + 2*a. What is the units digit of p(0)?
9
Let v(n) = -44*n - 4. Let c be 170/34 - (9 - 2). What is the units digit of v(c)?
4
Suppose k + 2*g - 43 = 0, k - 6*k + 3*g = -176. Let y = -54 - 11. Let v = k - y. What is the hundreds digit of v?
1
Let g(o) = 4*o**3 - 2*o**2 - 2*o + 9920. What is the units digit of g(0)?
0
What is the units digit of (3*(-25316)/30)/((-10)/75*3)?
9
Let l = 88 - 147. Let t = l - -72. Let x(n) = n**3 - 11*n**2 - 6*n - 14. What is the tens digit of x(t)?
4
Suppose 4*c + 12 = 0, 407 = -4*y - c + 112. Let r = y + -233. What is the hundreds digit of 42/9*r/(-12)?
1
Let t(p) = 4179*p**2 - 29*p + 7. What is the hundreds digit of t(2)?
6
What is the thousands digit of 19131 + 2/((-208)/20 + 10)?
9
Let k(o) = -265*o + 300. What is the tens digit of k(-13)?
4
Let k be 2*((-7)/(-2))/(-10 - -11). Suppose 0 = -g - 3*g + 4*h + 8, 0 = -4*g + 5*h + k. Let o(q) = 4*q**3 - 6*q**2 + 2*q + 4. What is the tens digit of o(g)?
6
Let i(j) = -195*j**3 - j**2 - 2*j. Let c be i(-2). Suppose -5*q + 0*q + c = 0. Suppose -2*p + 5*p = q. What is the units digit of p?
4
Let w = 4659 - -4531. What is the tens digit of w?
9
Let h be (213 - -2)/(-1 - -2). Suppose 5*w - h - 625 = 0. Suppose -4*n - 4*o = -w, 2*o + 82 = 2*n + 3*o. What is the tens digit of n?
4
Let g(u) = 28*u**2 - 6*u + 4. Let h be g(-2). Suppose -2*w = -4*o - 6*w - h, o = -3*w - 30. What is the tens digit of (-23 - 5)/(6/o)?
5
Suppose -10*o = -4*o. Let q be 2 + o/(0 + (-1)/(-1)). What is the units digit of 55 + 1 + (q - 1 - -1)?
8
Let z(b) = 183*b + 80. Let o(x) = -552*x - 239. Let j(a) = -4*o(a) - 11*z(a). What is the thousands digit of j(5)?
1
Suppose -3*y = 5*n - 31173, 511*n = 506*n - 5*y + 31185. What is the thousands digit of n?
6
Suppose 106*u - 17189 - 627503 = 0. What is the tens digit of u?
8
Let q(s) = 3*s**2 - 6*s + 6. Let k be q(2). Suppose 265 = 2*m - h, -m - 3*h = -k*h - 140. Suppose 473 = 6*c + m. What is the tens digit of c?
5
Let s(f) = 425*f**3 + 4*f**2 - 4*f - 13. Let y(m) = -7 + 2*m**2 + 212*m**3 + 2*m - 4*m + 1 + 0. Let r(p) = 3*s(p) - 7*y(p). What is the units digit of r(-1)?
8
What is the tens digit of (19025*(-12)/21)/(48/(-168) - 0)?
5
Suppose 4265 = 42*p - 3127. What is the units digit of p?
6
What is the hundreds digit of (-3)/(-2) - (-2*15)/((-1380)/(-2802435))?
9
Suppose -858*b = -865*b - 28. Suppose -t + 5*z = 23, z = 2*t - 0*z + 1. What is the tens digit of (-107)/b + (t - 21/12)?
2
Let g = 161793 - 93992. What is the tens digit of g?
0
Let p = 20289 - 13454. What is the tens digit of p?
3
Let f(x) = -x**3 + 11*x**2 - 11*x + 4. Let p(z) = z - 9. Let u be p(9). Suppose u = 4*o + 58 - 94. What is the tens digit of f(o)?
6
Suppose 4*w = 2*v - 502, 519 = 5*v - 3*w - 729. What is the tens digit of v + (-1 - -3) + 0?
5
Let a(o) = o**2 + 10*o - 9. Let d be (-2)/(-5) - 2*57/10. Let g be a(d). Suppose -g*s = 3*t - 97, 3*s + s - 179 = -t. What is the tens digit of s?
4
Let f = 14911 + 28733. What is the thousands digit of f?
3
Suppose -27*l + 6*l + 576938 - 59036 = 0. What is the thousands digit of l?
4
Let t be 8/1 + 0*(-3)/(-3). Suppose 0 = 6*g - t*g. What is the tens digit of (-3 - -65)/2 + (1 - g)?
3
Let d = -21946 + 22041. What is the tens digit of d?
9
Suppose 2*k + z = 3513, 5*k + 255*z = 258*z + 8744. What is the hundreds digit of k?
7
Let u be 4*5/50*5. Suppose 11*d - u*d - 864 = 0. Suppose 2*l = d - 16. What is the units digit of l?
0
Let l be -2 + 1 + -1 + (-4)/(-1). Suppose 2 = l*v, v = -4*u + 2*v - 141. Let n = 91 + u. What is the tens digit of n?
5
Let y(x) = -x**3 + 6*x**2 - 4*x - 2. Let z be y(5). Let s = 377 + -377. Suppose -4*r - 2 = 2, z*f + r - 128 = s. What is the tens digit of f?
4
Let g be -5 + 3 - (193 + 0). Let a be 30/g - 15/(-13). Suppose 2*o - 2*u = -a + 3, -2*o - 2*u + 18 = 0. What is the units digit of o?
5
Let t = 595 + 656. Suppose 22*o - 25*o = -t. What is the tens digit of o?
1
What is the hundreds digit of (19070/3 - 1) + (-8 - (-44)/6)?
3
Suppose -5*y + 4*q - 6 = -25, q = 4*y - 13. Suppose 65 = 7*n + 37. Suppose 0*w = w + y*g - 21, n*g = w. What is the units digit of w?
2
Suppose 6*i - 6 = 3*i + 5*b, -2*i - 2*b = -4. Suppose i*d - 76 - 584 = 0. What is the tens digit of d?
3
Let b(y) = y**2 - y + 2. Let v be (-1*4/3)/(2/(-3)). Let r be b(v). Let o(g) = 45*g - 15. What is the hundreds digit of o(r)?
1
Let a = 330 - 89. Let s = a - -53. What is the hundreds digit of s?
2
Suppose 56*c + 39*c - 194085 = 0. What is the units digit of c?
3
Let j = 179 + 255. What is the tens digit of (-1 - j/21)*(1 + -7)?
3
What is the units digit of ((-1115707)/(-358))/((-2)/(-4))?
3
Let u(g) = -g**2 + 27*g - 26. Suppose -4*d + 440 = 3*l, d + 220 = 3*d - 5*l. Suppose d - 5 = 5*s. What is the tens digit of u(s)?
0
Let q(y) = 2*y**2 + 35 + 16*y - y**2 - 14. Let g be q(-16). Let z = g + 14. What is the tens digit of z?
3
Suppose 16*t = -14612 + 292804. What is the hundreds digit of t?
3
Suppose 307 = -10*h - 1633. Let f = h + 301. What is the hundreds digit of f?
1
Let t = -11559 - -22032. What is the thousands digit of t?
0
Suppose -146 + 59 = -5*c - 2*s, -12 = 3*s. Suppose 0 = c*r - 5663 - 18. What is the units digit of r?
9
Suppose -10*g - 30930 = -5*v - 6*g, v - 3*g = 6197. Suppose 9*c + 881 = v. What is the tens digit of c?
8
Let d(c) = c**2 + 22*c - 2. Let m be d(-22). What is the hundreds digit of -3*m*((-195)/(-6) + 1)?
2
Suppose d = d + 2*d. Suppose d = 4*z - 1017 - 599. What is the tens digit of z?
0
Suppose n - 278 + 25 = 0. Let d = n + 276. What is the units digit of d?
9
Let c(f) = 5*f**2 - 4*f - 22. Let r be c(-11). Let h = -359 + r. What is the units digit of h?
8
Suppose 0 = 41*i - 25*i + 32. What is the thousands digit of (i*(-6)/(-12))/((-1)/1024)?
1
Let c(a) = 147*a**2 - 172*a + 2087. What is the units digit of c(15)?
2
Let w(n) = -4*n**3 + 333*n**2 + 165*n + 54. What is the hundreds digit of w(83)?
6
Let z(u) = -172*u**3 - 15*u**2 - 59*u + 16. What is the ten thousands digit of z(-5)?
2
Let b be ((-2)/(-4))/((-6)/66)*2. Let g(k) = -50*k - 49. What is the hundreds digit of g(b)?
5
Let g = 33680 + -20021. What is the thousands digit of g?
3
Suppose -3*p + 5014 - 1474 = -3*l, 2*l = -p + 1165. Let x = -66 + p. What is the units digit of x?
9
Let b = 1777 - -18067. What is the hundreds digit of b?
8
Suppose 2*t + 1686 = 2*p, p + 3*t + 1682 = 3*p. Let s = p - 405. What is the units digit of s?
2
Suppose -342 = -5*d + 998. Let m be (2 + -1)/(((-20)/d)/5). Let u = 127 + m. What is the units digit of u?
0
Let o(c) = 101*c**2 + 3*c - 8. Let d be o(-5). Suppose -1186 = -4*a + d. What is the hundreds digit of a?
9
What is the tens digit of (-780)/90 + (7 - -1) + 201552/9?
9
Let h be 923 - (6 + (3 - 8)). What is the hundreds digit of ((-73)/(-146))/(1/h)?
4
Suppose 10*j + 53648 = -4*j. What is the thousands digit of j/(-14 - -6)*(-9)/(-3)?
1
Let y(z) = -2*z**3 - 8*z**2 - 6*z + 5. Let l(a) = -4*a - 72. Let c be l(-23). Let x be (-20)/5*c/16. What is the units digit of y(x)?
5
Suppose -6*d + 2*d = 144. Let k be (4 - -2) + 12/(-1). What is the tens digit of (-27)/d*-2*68/k?
1
Let s be (18/4 + -4)*8. Let z(j) = 2*j**3 + 5*j**2 - 7*j - 4. What is the units digit of z(s)?
6
Let x(k) = -k**2 + 18*k. Let a be x(18). Suppose a*v + 4*g + 10 = -v, -4*g = 4*v + 4. Suppose -z + 5 + 60 = -3*h, v*h = -z + 55. What is the units digit o